{"id":4435,"date":"2023-08-03T16:35:48","date_gmt":"2023-08-03T14:35:48","guid":{"rendered":"https:\/\/shadesbymelanie.com\/?post_type=product&#038;p=4435"},"modified":"2024-11-07T20:39:17","modified_gmt":"2024-11-07T19:39:17","slug":"boucles-rio-n5","status":"publish","type":"product","link":"https:\/\/shadesbymelanie.com\/index.php\/produit\/boucles-rio-n5\/","title":{"rendered":"Boucles RIO &#8211; n\u00b005"},"content":{"rendered":"","protected":false},"excerpt":{"rendered":"<p>Puces dor\u00e9es en acier inoxydable et pendants ronds translucides blancs. R\u00e9alis\u00e9e enti\u00e8rement \u00e0 la main \u00e0 Bordeaux. R\u00e9sistantes et l\u00e9g\u00e8res.<\/p>\n<p>La livraison est gratuite pour tous les bijoux.<\/p>\n<p>Dimensions : 3\u00d71.5 cm<br \/>\n\u00c0 base d\u2019argile polym\u00e8re<br \/>\nPuces et anneaux : acier inoxydable dor\u00e9<\/p>\n","protected":false},"featured_media":4436,"template":"","meta":[],"product_brand":[],"product_cat":[60,80],"product_tag":[],"class_list":{"0":"post-4435","1":"product","2":"type-product","3":"status-publish","4":"has-post-thumbnail","6":"product_cat-boucles-doreilles","7":"product_cat-mini-puces","9":"first","10":"instock","11":"purchasable","12":"product-type-simple"},"jetpack_sharing_enabled":true,"_links":{"self":[{"href":"https:\/\/shadesbymelanie.com\/index.php\/wp-json\/wp\/v2\/product\/4435","targetHints":{"allow":["GET"]}}],"collection":[{"href":"https:\/\/shadesbymelanie.com\/index.php\/wp-json\/wp\/v2\/product"}],"about":[{"href":"https:\/\/shadesbymelanie.com\/index.php\/wp-json\/wp\/v2\/types\/product"}],"wp:featuredmedia":[{"embeddable":true,"href":"https:\/\/shadesbymelanie.com\/index.php\/wp-json\/wp\/v2\/media\/4436"}],"wp:attachment":[{"href":"https:\/\/shadesbymelanie.com\/index.php\/wp-json\/wp\/v2\/media?parent=4435"}],"wp:term":[{"taxonomy":"product_brand","embeddable":true,"href":"https:\/\/shadesbymelanie.com\/index.php\/wp-json\/wp\/v2\/product_brand?post=4435"},{"taxonomy":"product_cat","embeddable":true,"href":"https:\/\/shadesbymelanie.com\/index.php\/wp-json\/wp\/v2\/product_cat?post=4435"},{"taxonomy":"product_tag","embeddable":true,"href":"https:\/\/shadesbymelanie.com\/index.php\/wp-json\/wp\/v2\/product_tag?post=4435"}],"curies":[{"name":"wp","href":"https:\/\/api.w.org\/{rel}","templated":true}]}}